m + 6 = 0. Suppose -3*o + 475 = -m*o - d*b, o + 5*b = 496. Is o composite?
True
Let r = 29 + 6. Let c be ((-112)/r)/(6/(-8805)). Is (-3)/((-14100)/c + 3) a prime number?
False
Let b = 22636 + -15549. Is b a prime number?
False
Let c(w) = 4*w**2 - 215*w + 84. Is c(-29) prime?
False
Let c(b) = 15*b**3 + 7*b**2 - 175*b + 254. Is c(45) composite?
True
Suppose -2*w + 5*j = 0, 2*w - 3*w - 2 = -3*j. Suppose 0 = -5*n + 25, -7*v + 2*n = -w*v + 8503. Is v composite?
True
Let n(y) = -1738*y - 69. Let p(l) = -13*l - 7. Let q be p(0). Is n(q) a composite number?
False
Suppose -18594 = -6*t - 0*t. Let a = t + -1469. Let k = a + 309. Is k a composite number?
True
Suppose 46*r - 582743 = 29*r. Suppose 139964 = 23*k + r. Is k a composite number?
True
Let m(u) = 519*u + 4. Suppose -5*p + 2*h = 562, h = -4*p - h - 464. Let x be p/(-19) - 3/1. Is m(x) prime?
False
Let j(h) be the second derivative of h**5/20 + 13*h**4/6 + 7*h**3/6 + 73*h**2/2 - 25*h + 1. Is j(-23) prime?
True
Let s = -146500 + 251123. Is s composite?
False
Suppose -3*z + 5*j = -141276, -4*z + 5*j + 279639 = 91276. Is z a composite number?
False
Suppose 28*z - 5*f + 124464 = 30*z, -3*z = -3*f - 186738. Is z composite?
True
Let u = -171 - -86. Let c = 10159 - u. Suppose z + 36388 = 3*h, h - 1892 = -z + c. Is h prime?
False
Let r(g) = -4*g**3 - 26*g**2 - 16*g + 20. Let y(m) = -7*m**3 - 53*m**2 - 32*m + 39. Let d(h) = 5*r(h) - 3*y(h). Is d(-24) a composite number?
True
Suppose -34*q + 12*q - 14*q + 2303172 = 0. Is q composite?
False
Let d = 12 + -12. Let q(f) = -56*f**2 + 70 + 182 + 1147 - f + 55*f**2. Is q(d) prime?
True
Let w be ((-10)/2 - 0)*3*1. Let o(i) = -2*i**3 - 22*i**2 - 4*i - 5. Let p be o(w). Suppose 9*m - p = 4*m. Is m prime?
False
Is (-1)/(2/(-305152)) - (35 - 1 - 27) a prime number?
False
Let w = -32613 - -133936. Is w prime?
True
Let r(i) = 6*i + 42. Let y be r(-7). Suppose -5*t + 11539 = c + c, c - 5*t - 5792 = y. Is c a prime number?
False
Let s(l) = 469*l**2 - 18*l - 1594. Is s(-30) a prime number?
False
Let g(c) = 6*c**2 + 28*c - 15. Let z = -120 - -113. Let s be g(z). Let o = s + -25. Is o a composite number?
True
Suppose 38*f - 662862 - 245908 = 0. Is f prime?
False
Let b(x) = 5*x**2 - 26*x + 15*x + 13 - 10*x. Is b(6) composite?
False
Suppose -60 = 12*c - 156. Is 8/(-12)*c/((-96)/7542) composite?
False
Suppose -4*y + x + 2*x = -28, -5*x = -5*y + 40. Suppose 2 = -y*l - 14, l + 3240 = 4*i. Is i a prime number?
True
Let h(s) = 2*s**2 + 61*s + 39. Let p be h(-30). Is ((-30)/p)/((16/8628)/(-2)) a prime number?
False
Let r(g) = 7 + 10*g - 2*g - g + 45*g. Suppose -4*t = 4*m - 32, -3*m - m - 28 = -2*t. Is r(t) a prime number?
False
Suppose 2*n + 5*c + 8 = -3, 3*n + 3*c = -12. Let m(z) = z**3 + 4*z**2 + 3*z - 3. Let t be m(n). Is 33*(t + 46/3) composite?
True
Suppose -400*u + 397*u + 7767 = 0. Let l = -536 + u. Is l prime?
True
Let q = -332247 + 533660. Is q composite?
False
Let m(r) = -r**2 - 20*r + 54. Let s be m(-22). Is (-1 + 43052/(-8))*s/(-25) a composite number?
False
Suppose 9816 = 4*u + 8*u. Suppose -210*x + 209*x = -u. Is x prime?
False
Let l(u) = 214*u**2 + 342*u - 65. Is l(-17) composite?
False
Let r(w) = 1076*w - 659. Is r(83) a prime number?
False
Suppose 2*q = -5*w + 217906, 4*w = -3*q + 173237 + 153608. Is q prime?
True
Let l = -2480 - -997. Let y = 5705 + l. Is y composite?
True
Let b be 217/186 - 15585/(-18). Let r = -426 + -32. Let x = b + r. Is x composite?
False
Let j = -234950 + 592612. Is j a prime number?
False
Let v = -40929 - -21666. Let y = 27857 + v. Is y composite?
True
Suppose -i = -4*q - 0*i + 9, -4*i = 2*q. Suppose 0 = 9*c + q*c - 133573. Is c a composite number?
False
Let k(l) = 34*l**3 + 32*l**2 - 34*l + 29. Is k(28) composite?
False
Let v(o) = 351*o + 428. Is v(5) a composite number?
True
Suppose -641617 = -3*v - 55*l + 57*l, 0 = -4*l - 8. Is v composite?
True
Let a = -10805 - -22624. Is a a composite number?
True
Let i(d) be the second derivative of 13*d**4/12 - d**3/3 + 7*d**2/2 - 17*d. Let y be i(-3). Let s = y + 211. Is s a prime number?
False
Let h(b) = -22*b**2 + 0 - 4*b + 4 + 134*b**3 + 21*b**2. Is h(3) composite?
True
Is (-49097)/(-2)*46/(15 + 8) a composite number?
True
Let j(y) = -y**3 + 39*y**2 - 168*y - 85. Is j(-56) composite?
False
Let t(y) = y**3 - 4*y**2 - 3*y - 69. Let i = -842 - -853. Is t(i) prime?
False
Let m be (5 - 9) + (-5 - 0). Let f(p) = -2661*p**2 - p - 1. Let c be f(-1). Is 3/(-2)*-2*c/m a prime number?
True
Suppose 102*m + 96 = 94*m. Is 4 + (-4101)/m*4 a prime number?
False
Is 31/(1116/24)*(-28581)/(-2) a prime number?
False
Suppose 12*p - 166754 = 1546. Suppose 4*y + p = 5*f - 3458, -4*y + 17507 = 5*f. Is f a composite number?
False
Let h = -3585 - -5256. Let f = 991 - h. Let a = f - -1467. Is a a composite number?
False
Let v(t) = t**2 + 11*t - 12. Let k be v(1). Is (34 - -6627)*(k/(-1) - -1) a composite number?
False
Suppose 2*g - 54423 - 47743 = 0. Is g prime?
False
Let f(i) = 2*i**2 + i + 1. Let r(b) = 21*b**2 - 6*b - 30. Let j(u) = 4*f(u) + r(u). Suppose -5*n + 6*n - 7 = 0. Is j(n) composite?
False
Suppose 0 = -3*c + 8*c - 3370. Suppose 0 = 2*n - 3*b - c, -3*b = 2*b. Is n composite?
False
Let x be 0 - (0 + 1)*-19. Let c = x - 16. Suppose 0*g - c*g = -921. Is g composite?
False
Let w = 1980 + -736. Let l be -6*((-558)/4 - -1). Let r = w - l. Is r a composite number?
True
Suppose 243103 - 29293 = -15*q. Is ((-10)/(-6) - 2) + q/(-3) a prime number?
True
Suppose -9*o + 12 = 3. Let x be o/3 + 1384/6 + 0. Suppose -6*p - x = -1809. Is p a composite number?
False
Let p(f) = -2 - 56*f + 5 + 345*f. Let u(x) = 290*x + 3. Let s(c) = -2*p(c) + 3*u(c). Is s(1) composite?
True
Suppose 5*k = -3*g + 254929 - 41757, -3*k - 142121 = -2*g. Is g composite?
False
Let v(y) = y**3 - 3*y**2 - y - 1. Let g be v(3). Let w(i) be the first derivative of -3*i**4/2 + 5*i**3/3 + 11*i**2/2 - i + 1904. Is w(g) a composite number?
False
Suppose -2*f + k + 0 = 26, -3*k = -f - 3. Let n be -1 - -3 - (f - -2). Is (-63)/6*(-530)/n a prime number?
False
Is -606634*(-12 - (-276)/24) prime?
False
Let i = 172 - 148. Is (-98992)/i*12/(-8) prime?
False
Let f be -3 - ((-2)/(-2))/(-1). Let t be -6*12/5 + 20/50. Is 31/(-2)*((t - f) + 2) a prime number?
False
Suppose 5*m = 2*x + 7320767, -48*m + 7320766 = -43*m - x. Is m a prime number?
False
Suppose -11*t + 445405 = 5*o - 15*t, 4*o = -4*t + 356288. Is o composite?
True
Let a(y) = 24*y + 44*y**2 - 80 - 115 - 29*y + 30*y. Is a(14) prime?
True
Suppose 0 = 5*r - 5*z - 542675, 542663 = 1168*r - 1163*r - 3*z. Is r composite?
False
Suppose 0 = v + o - 12744 - 9744, 5*v + 2*o = 112428. Suppose 0 = 16*j - v - 18828. Is j a composite number?
True
Let n(p) = -p**3 - 29*p**2 + 12*p + 52. Let l be n(-33). Suppose -45514 - l = -2*w. Is w prime?
True
Let u(p) = 443*p - 97. Let d be u(8). Suppose -i = -1286 - d. Is i prime?
True
Let q = 4041 + 496. Suppose 0 = 3*b - q - 2936. Is b composite?
True
Suppose -3*z + 9 = -3, -140 = -3*k - 5*z. Suppose -t - 7 = -3*m, 4*m + 4 = -4*t - k. Is ((-2)/t)/((-9)/(-165))*33 composite?
True
Let z = 3 - -1. Let u be -17 - ((2*-2)/z)/1. Is (3 - 15)*2956/u prime?
False
Suppose 96*x - 93*x = 7008. Let f = 4110 - x. Is f composite?
True
Let n(f) = -4 - 4*f + 8*f**2 - 4 + 3 - 20. Is n(-4) a prime number?
False
Is 88447 + ((-2408)/308 - 2/11) a composite number?
True
Let b(s) = -2*s**3 - 9*s**2 + 3*s + 9. Let z(u) = -2*u**2 + 13*u - 7. Let v be z(7). Is b(v) a prime number?
True
Let r be 8/24 + (-2)/6. Suppose y - 1 = -n - r*y, -4*n - 8 = -2*y. Is (-14128)/(-168)*12 - n/(-7) composite?
False
Suppose -11*i - 102 = -14. Suppose 0*j + 2*y + 514 = -5*j, -2*y + 200 = -2*j. Is -5 + j/(-24) + (-1150)/i prime?
False
Suppose -11*n = -7*n - 32. Suppose n*x - 51701 = -5*x. Is x a composite number?
True
Let f = 158 - 72. Suppose 90*p = f*p + 212. Is p a prime number?
True
Let u = 682645 + -370118. Is u composite?
False
Let d(v) = -20*v - 10. Let i(a) = -7*a - 3. Let c(h) = 6*d(h) - 17*i(h). Let n be c(-14). Suppose 0 = n*o - 1599 + 14. Is o prime?
True
Let v(s) = 125*s - 44. Suppose 0 = -4*d + 50 - 38. Suppose 5*m = p + 3*p - 88, d*m = -12. Is v(p) a prime number?
True
Is (5712483/38 + 31)/((-1)/(-2)) composite?
False
Let q(f) = 4372*f**2 - 75*f - 737. Is q(-10) a prime number?
False
Let j = -126034 + 197667. Is j 